8, 5*t = -10. Calculate the greatest common factor of x and k.
6
Let a(p) = p**3 - 7*p**2 + 6*p + 6. Let q be a(6). Let m(r) = r**2 + 8*r - q + 6. Let y be m(-9). Calculate the greatest common divisor of 99 and y.
9
Let l be ((-1)/(-2))/(1/96). Let f(s) = -s**3 - 9*s**2 - 8*s + 12. Let o be f(-8). Suppose r - o = -r. Calculate the highest common divisor of r and l.
6
Let o = -3 - -6. Suppose 2*f + 5 = o*f. Suppose 4*c = n + 37, 4*n + 15 = 3*c - 3. Calculate the highest common divisor of f and c.
5
Let z be 69 - 1 - (-1 - 3). Calculate the greatest common factor of z and 48.
24
Let y(q) = -28*q**3 - q - 1. Let c be y(-1). Let v be c*1/((-21)/(-36)). Calculate the greatest common factor of 12 and v.
12
Let c = 6 - -19. Let w = -82 + 53. Let f be w/(-5) + 5/c. What is the greatest common factor of f and 3?
3
Let h = 3 + -1. Let j be (-1)/(-5) + 98/10. Suppose -j = -h*n - 3*n. What is the greatest common divisor of 14 and n?
2
Suppose -9 - 9 = -3*x. What is the greatest common divisor of x and 30?
6
Suppose -26 = -5*j - 6. What is the highest common divisor of 32 and j?
4
Let i(h) = -h**3 - 3*h**2 - 5*h - 2. Let y be i(-2). Calculate the greatest common factor of 32 and y.
4
Let x(d) = d**3 + 13*d**2 + 18. Let l be x(-13). Calculate the greatest common factor of l and 180.
18
Suppose -g - 2*s - 6 = 0, -5*g - 3*s + 2*s = 3. Suppose g = h - 3*h + 130. Let q be (-1643)/(-62) - 2/4. Calculate the highest common divisor of q and h.
13
Let z be 1/(0 - 2)*-6. Suppose 0 = -z*f + 6*f - 240. Calculate the greatest common factor of f and 16.
16
Suppose 5*s - 64 = s. Let g = 4 - 8. Let v(f) = 2*f**2 + 6*f. Let j be v(g). Calculate the greatest common factor of s and j.
8
Let a(k) = -k**2 - 6*k - 3. Let w be a(-3). Let x(n) = 2*n**2 - 5*n - 6. Let t be x(w). Suppose 3*i = -i + t. Calculate the highest common factor of 81 and i.
9
Suppose 0*t + 3*t + 60 = 0. Let h = -8 - t. What is the greatest common factor of 3 and h?
3
Let q = -7 - -12. Suppose q*f - 57 = 93. Calculate the greatest common divisor of f and 15.
15
Let u = -5 + 7. Suppose 2*f - 94 = -4*d, 0 = 2*f + u*d - 6*d - 126. What is the highest common factor of f and 22?
11
Let w = 45 - 25. Suppose 0*l = 5*l - w. Suppose 3*i - 4*m = 7 + 10, -l*i - 4*m = -60. What is the greatest common factor of i and 1?
1
Let p = 25 + -27. Let d be (72/7)/(p/(-21)). What is the greatest common factor of d and 12?
12
Let b be (0 - (-2)/3)/((-6)/(-1800)). Calculate the highest common divisor of b and 40.
40
Let y be (2 - -7)/(6/(-4)). Let c be 10 - (4 - y/(-2)). What is the greatest common divisor of c and 6?
3
Let i be ((-6)/(-18))/((-1)/(-9)). Suppose 3*n - b = 33, -4*b = i*n - 23 + 5. Calculate the highest common divisor of 40 and n.
10
Let q(w) = 31*w**3 + 2*w - 1. Let o be q(1). What is the greatest common divisor of o and 4?
4
Suppose 0 = 2*n - 4 - 12. Calculate the highest common factor of n and 20.
4
Let g = 20 + -31. Let y = 26 + g. What is the greatest common divisor of y and 10?
5
Let d(i) = -398*i - 2. Let t be d(-1). What is the greatest common factor of t and 44?
44
Let x be ((-3)/(-6))/((-6)/(-48)). What is the highest common factor of x and 12?
4
Let n = 108 - 10. Calculate the greatest common factor of 14 and n.
14
Let y be 0 + (16/2 - 2). Let r be 1/(-4) - (-90)/40. What is the greatest common divisor of r and y?
2
Let a be (-6)/(-15)*(24 + 1). Let f(i) = -2*i - 5. Let t be f(-15). Calculate the greatest common factor of a and t.
5
Suppose -5*g + 88 = 3*h, -6*g + 2*h - 92 = -11*g. What is the greatest common factor of 20 and g?
20
Suppose -170 = 2*y + 4*k, -y + 0*y - k - 80 = 0. Let q = y + 173. Calculate the greatest common divisor of q and 14.
14
Suppose -5*w - x + 1574 = 0, -885 = -3*w + 2*x + 62. Suppose -u = 4*u - w. Calculate the greatest common factor of 7 and u.
7
Let r be 4392/81 - (-4)/(-18). Let c be 212/18 - (-12)/r. Suppose -g - c = -52. Calculate the greatest common divisor of 5 and g.
5
Let m = -4 - 1. Let q = 0 - m. Let g(a) = a**2 - 6*a. Let r be g(-5). Calculate the greatest common divisor of q and r.
5
Let u be (-22)/(-5) - (-8)/(-20). Suppose 0 = -u*m + 5*m - 30. Calculate the greatest common factor of 90 and m.
30
Let k = -44 - -68. Let b = -7 + 12. Let q be 180/b*(0 + 1). What is the highest common factor of q and k?
12
Let a(b) = b**3 - 9*b**2 - 9*b - 1. Suppose 0 = -r - 3*r + 40. Let n be a(r). Calculate the greatest common factor of 36 and n.
9
Suppose 14 - 66 = -5*u - d, -2*u = 5*d - 30. Calculate the highest common factor of u and 40.
10
Suppose -3*i + 6*i - 3 = 0. Suppose y + i = 27. What is the highest common divisor of 52 and y?
26
Suppose 5*u - 84 = -4. Calculate the greatest common divisor of 88 and u.
8
Let k = -46 - -118. Let o(v) = 10*v**3 - v**2 - v + 1. Let t be o(1). What is the greatest common factor of k and t?
9
Let g be (-219)/(-12) - (-2)/(-8). Suppose -3*m - 4 = -220. What is the highest common factor of g and m?
18
Let n be (6 - 5)*(-2 - -1). Let u be 1 + n - (-8 - -5). What is the greatest common divisor of 3 and u?
3
Suppose 4*s = 3*d + 11, -3*s + 0*s + 15 = 0. Suppose -d*m = -m - 26. What is the greatest common factor of m and 39?
13
Let f = -17 + 177. Calculate the highest common divisor of f and 20.
20
Suppose 11*d = 14*d - 21. Let k = 12 - d. What is the highest common divisor of k and 25?
5
Let u = -21 + 56. Let d be 13/3 + 6/9. Calculate the highest common factor of d and u.
5
Let m(d) = -9*d**2 + 3*d + 24*d**2 - 4*d. Let f be m(-1). Calculate the greatest common divisor of f and 16.
16
Let j(i) = i + 26. Let d be j(-10). What is the highest common divisor of d and 4?
4
Let q = 43 + -18. What is the highest common factor of q and 5?
5
Let l be (-3)/(12/2)*-242. Let b = 107 - 96. What is the highest common factor of b and l?
11
Let l be -3*(-3 - -4)/(-1). Let x(v) = 3*v**3 - v + 2. Let i be x(2). Calculate the highest common factor of i and l.
3
Let o(z) be the third derivative of z**5/60 + z**4/4 - z**3/6 - z**2. Let j be o(-5). Let g = j + 20. What is the highest common divisor of g and 154?
14
Suppose -2*k - 4 + 1 = -5*v, k - v = 6. What is the greatest common divisor of k and 11?
11
Let b be (-15 + 16)*(4 + -1). Calculate the greatest common divisor of 6 and b.
3
Suppose 2*v - 39 - 13 = 3*y, v = -4. Let x = 22 + y. What is the highest common divisor of x and 5?
1
Suppose -22 = -2*p + 4*r + 18, 0 = 5*p - 4*r - 82. Let o = p + 16. What is the highest common divisor of 75 and o?
15
Let r be (4 + -9)/5 - -4. Let l = 22 - 9. Let j be l - (1 - -2)/r. Calculate the greatest common divisor of 3 and j.
3
Suppose -2*g + 4*j - 2*j - 10 = 0, -2 = -j. Let l be 14 - (0 - g/1). What is the greatest common divisor of l and 121?
11
Suppose -12 + 0 = -3*k, -x + k = -24. Let r = x + -23. Calculate the greatest common divisor of 5 and r.
5
Suppose 0 = 5*u + 5*f - 140, -2*u + f + 3*f + 86 = 0. Calculate the greatest common divisor of 55 and u.
11
Let q(x) = -x - 2. Let m be q(-9). Suppose 5*h = m - 47. Let c = 12 + h. Calculate the greatest common divisor of 8 and c.
4
Suppose -y + 17 = -3. Let p = -16 + y. Calculate the highest common factor of p and 28.
4
Let i be (15/3 - 53)/(-1). Calculate the highest common factor of 80 and i.
16
Let x = 4 + -4. Suppose x = -3*y + 4 + 29. Calculate the highest common divisor of y and 55.
11
Suppose 4 - 13 = -3*v. Let h = 53 + v. Calculate the highest common factor of 8 and h.
8
Suppose 2*a - 4*a - 5*m = -24, -3*m = -3*a + 57. Let b = 26 - a. Calculate the greatest common divisor of 63 and b.
9
Suppose 4*r - 18 = r. Let m(a) = -a + 21. Let x be m(9). Calculate the greatest common divisor of x and r.
6
Let g(a) = 20*a - 6. Let v be g(8). Suppose -x + 3*x = v. Calculate the greatest common factor of x and 11.
11
Let k(j) = -j. Let r(d) = -d**3 - 3*d**2 - 3*d - 6. Let o(i) = -5*k(i) + r(i). Let p be o(-5). Calculate the highest common factor of p and 17.
17
Suppose 3*v + 10 = 8*v. Suppose -4*i = -l + 133, 214 = 2*l + v*i + 3*i. What is the greatest common divisor of 13 and l?
13
Let g = 22 - 11. Suppose 3*s = 7 + g. Suppose s = 5*f - 2*f. Calculate the highest common factor of 2 and f.
2
Let l be (-2 + 0 - 3) + -1. Let d be (12 - 2) + (-2 - -4). Let p = l + d. Calculate the greatest common factor of p and 2.
2
Let t = 88 + -60. Su